nits digit of j?
4
Let p(d) = d**2 + 4. Let v be p(0). Suppose 3*y = v*y - 23. What is the tens digit of y?
2
What is the hundreds digit of (-3)/(-9) + 4/((-48)/(-2804))?
2
Let k(i) = i**3 + i**2 - i + 1. Let s(q) = 5*q**3 - 2*q**2 - 7*q - 3. Let o(v) = 6*k(v) - s(v). What is the units digit of o(-8)?
1
Let v = 169 + -265. Let r = v - -151. What is the units digit of r?
5
Let x be -1 + (-15)/9*-3. Let p be (8/x)/(2/4). Suppose -3*y - 15 = -p*r - 2*y, -4*r + 3 = 3*y. What is the units digit of r?
3
Suppose -4*w + 62 - 26 = 0. What is the units digit of w?
9
Suppose -4*n - 2*k - 3 + 9 = 0, -4*n + 9 = 3*k. Let g = 12 - 3. Let x = g + n. What is the units digit of x?
9
Let w(b) = -b**3 - 6*b**2 - b + 4. Let j be w(-4). Let t be (2/(-3))/(2/j). Suppose 35 = t*l - 3*l. What is the units digit of l?
7
Let y be ((-12)/(-9) + -2)*-6. Suppose 0 = -0*h - y*h + 16. Suppose -l + h = l. What is the units digit of l?
2
Suppose 5*y = -0*y + 3*m + 15, -3*y + 9 = 2*m. What is the tens digit of 1/(-2)*(-72)/y?
1
Let k(f) = 62*f + 5. What is the hundreds digit of k(3)?
1
Let a = 34 - 22. Let g be (2/4)/((-2)/a). Let s = g - -11. What is the units digit of s?
8
Let h(c) = -2*c + 3. Let d(n) = n. Let y(g) = -5*d(g) + h(g). What is the units digit of y(-1)?
0
Let q(y) = -y**3 - y**2 + 2*y - 1. Let j be q(1). Let a = j + 2. Let l(r) = 2*r**2 - r. What is the units digit of l(a)?
1
Let d be (42 + 0)/(-2) + 2. Let x = d - -12. Let p = 12 + x. What is the units digit of p?
5
Let f(p) = -2*p - 6. Let q(n) = -n + 1. Suppose -25 = -m - 4*m. Let g be q(m). What is the units digit of f(g)?
2
Let p be (5/(-1))/((-3)/(-3)). Let l(v) = -5 + v**3 + 3*v**2 + 2*v**2 + 0*v**3 + 0*v**3 - 3*v. What is the tens digit of l(p)?
1
Suppose 8*i = 3*i + 25. Let z = i + 10. What is the units digit of z?
5
Let c(i) = i**3 - i**2 - 4*i + 1. Let j be c(3). What is the units digit of 164/14 - (-2)/j?
2
Suppose 0 = -4*r + r + 6, -2*c + 112 = -4*r. What is the units digit of c?
0
Suppose 12 = f + 2*f. Suppose f = 3*m - m. Suppose -m*n = -5*s + 21, 4*s + 0*s + n = 22. What is the units digit of s?
5
Suppose -7*k + 4*k + 228 = 0. What is the units digit of k?
6
Suppose 9*c = 7*c + 50. What is the units digit of c?
5
Let d(g) = -g**3 + 6*g**2 + g - 1. What is the tens digit of d(3)?
2
Suppose -100 = 11*v - 309. What is the tens digit of v?
1
Let q(v) be the third derivative of v**4/24 - 5*v**3/6 - 6*v**2. What is the units digit of q(8)?
3
Let q = 133 + -63. What is the tens digit of q?
7
Let w(d) = -d**3 + 4*d**2 - 2*d - 2. What is the units digit of w(2)?
2
Suppose -a = -0*a. Suppose 2*i + 0 - 4 = a. Suppose -3*m + m = -i. What is the units digit of m?
1
What is the units digit of (12/(-10))/((-6)/260)?
2
Let b = -3 + 3. Suppose b*s - 27 = -3*s. What is the units digit of s?
9
What is the units digit of (2 - -30)*(-2)/(-4)?
6
Let f = 5 + -3. Let y be 0*((-5)/(-2) + -2). Suppose y = -f*s - s + 33. What is the units digit of s?
1
Let k be (-6)/(-9) + (-229)/(-3). Suppose 4*p - k = 23. What is the units digit of p?
5
Suppose -y - 3*y = -2*m + 12, 0 = -5*m - 2*y + 42. What is the units digit of (100/m)/((-1)/(-2))?
5
Let j be ((-40)/24)/((-2)/6). What is the tens digit of 30/12*(j - -1)?
1
Let n be (36/(-45))/((-2)/5). What is the tens digit of 9/n*(15 - 9)?
2
Suppose 34 - 7 = o. What is the units digit of o?
7
Suppose 5*j - m + 65 = 243, 3*j - 112 = -2*m. What is the units digit of j?
6
Let h(p) = -p + 10 + 13 - 9. Let o = 3 - -4. What is the units digit of h(o)?
7
Let v be -3 + 3 - 2/2. Let a be (-2)/(v - 1) + 1. Suppose 21 = -a*q + 5*q. What is the units digit of q?
7
Let l be 1/(-5) - 1878/(-15). Suppose 2*c - 4*r - 88 = 0, -4*c + l = 3*r + 4. What is the tens digit of c?
3
Let p = -35 + 24. Let a(h) = -20*h**3 - 3*h**2 - 2*h - 1. Let n be a(-1). Let v = n + p. What is the units digit of v?
7
Let z = -23 + 35. Suppose -3*a + 9 = -z. What is the units digit of a?
7
Suppose -l + 72 - 466 = -5*c, -3*c + 5*l = -254. What is the units digit of c?
8
Suppose 4*i - 10 = 14. Suppose -4*j - i*l + 2*l = 80, 55 = -5*j + 4*l. Let s = 32 + j. What is the units digit of s?
7
Let h(o) = o**2 + 2. Suppose -4 + 8 = 2*q. Suppose -q*u = u. What is the units digit of h(u)?
2
Suppose 0 = 5*h + 5 - 0. Let a = h - 1. What is the units digit of a/(-7) + 246/21?
2
Suppose 0 = 5*w + 2*h - 6, -5*w = -2*h + h + 3. Suppose 0 = -m - 3*f - w*f + 6, -m + 3*f = -6. Suppose m*c - 4 = 2*c. What is the units digit of c?
1
What is the tens digit of (-1)/(5/(-110)*1)?
2
Let x = 126 + -60. What is the tens digit of x?
6
Let k = -42 + 65. What is the tens digit of k?
2
Let s = 149 - 29. What is the tens digit of s?
2
Suppose -3*g + 47 = -31. What is the units digit of g?
6
Let t(y) be the second derivative of -y**4/12 + 3*y**3/2 + 4*y**2 + y. What is the units digit of t(9)?
8
Let p = 28 - -15. Let r = p - 28. What is the tens digit of r?
1
Suppose -q - 4*j + 287 + 28 = 0, -301 = -q + 3*j. What is the units digit of q?
7
Let g = -5 - -10. Let n(m) = -3*m**3 + 1. Let t be n(-1). Suppose -v = d, 40 = t*d + d - g*v. What is the units digit of d?
4
Let s(x) be the first derivative of -x**4/4 + 5*x**3/3 + 3*x + 2. Let q be s(5). Suppose -p = -u + 1, 0 = -q*p + 3 + 3. What is the units digit of u?
3
Let s(v) = 5*v + 1. Let o be s(-3). What is the tens digit of 5 - 6/3 - o?
1
Suppose -g + 2*x = -3, 2*g - 4*x - 6 = -x. Suppose -5*l - 4*c + 9 = 0, 0 = -3*l + g*c - 2*c + 19. What is the units digit of ((-24)/15)/((-1)/l)?
8
Suppose -5*i + 209 - 9 = 0. What is the units digit of i?
0
Let i be 7 - -3*(-1)/3. Let h = i + -3. What is the units digit of h?
3
Let i = 8 + -11. Let v = 3 + i. Suppose -u - 2*u - 8 = -2*f, v = f - 3*u - 1. What is the units digit of f?
7
What is the units digit of -2*3/9*-12?
8
Let p(o) be the second derivative of o**3/3 - 3*o**2 + 2*o. Let a be p(5). Suppose 13 = a*f - 15. What is the units digit of f?
7
Suppose -3*m + 0 = -6. Let u(k) = 9*k**3. Let o be u(1). Suppose j = -m*j + o. What is the units digit of j?
3
Suppose -190 = -m - 9*m. What is the units digit of m?
9
Suppose 2*m - 16 = q, -47 = 3*q + 2*m - 7*m. Let d = q + 52. What is the units digit of d?
8
Suppose 3*o = 15, -6*o + 2*o = -r + 45. What is the units digit of r?
5
Let t(d) = d**3 + 11*d**2 + d - 11. What is the units digit of t(-10)?
9
What is the hundreds digit of -7 - -119 - (-1 - (1 + -1))?
1
Let u be (-1)/(3/12*-2). Suppose -o + u*o = 11. What is the units digit of o?
1
What is the units digit of (-262)/(-5) + (-2)/5?
2
Suppose -r = -2*r. Let k(n) = -n**2 - 6. Let i be k(r). Let a = -1 - i. What is the units digit of a?
5
Let o = -13 - -26. What is the tens digit of o?
1
Let s(p) = p**3 + 3*p**2 + 4*p - 1. Let n be s(-3). Let m(y) = 2*y**2 + 2*y - 2. Let j be m(-4). Let r = j + n. What is the units digit of r?
9
Suppose r - 100 = -2*d + 65, 0 = -3*r - 2*d + 475. What is the units digit of r?
5
Suppose 7*h + 145 = 5*s + 5*h, -4*s + 5*h + 133 = 0. What is the units digit of s?
7
Let g(p) = -p**2 - 9*p - 5. Let b be g(-6). Let c(y) = -9*y - 16. Let t be c(-5). Let s = t - b. What is the units digit of s?
6
Let v be (-2)/(-4)*(6 + 0). Suppose -v*m = m + 16. Let j = 8 + m. What is the units digit of j?
4
Let l(y) = -3*y - 1. Let c be l(-2). Suppose -c = -w - 4. What is the units digit of w?
1
Suppose -5*m + 25 = 0, 2*m - 295 = 5*r + m. Let f = -22 - r. What is the tens digit of f?
3
Suppose 0 = 3*j + 5 - 2. Let d = -14 + 18. Let u = j + d. What is the units digit of u?
3
Let a(j) = 2 - 3*j - 2. What is the units digit of a(-3)?
9
Let l be 2/10 - 33/15. What is the tens digit of ((-21)/l)/(5/10)?
2
Let a = -105 + 176. What is the units digit of a?
1
Let g(b) be the third derivative of -b**4/8 - 2*b**3/3 - 6*b**2. What is the units digit of g(-9)?
3
Let f(d) = 28*d**3 + 2*d - 1. Let g(p) = -p**2 + 4*p + 1. Let a be g(4). What is the tens digit of f(a)?
2
Let z = -40 + 93. What is the units digit of z?
3
Let a(c) = c**2 + 8*c - 4. Let o be 2/7 - 16/7. Let r be (12/o - 3)*1. What is the units digit of a(r)?
5
Suppose 0 = -7*f + 2*f + 65. Suppose -5*u - 3*i = i - 110, 3*i = -2*u + 51. Let n = u - f. What is the units digit of n?
5
Let p be 2*(1 - 0) - 2. Suppose 8*f - 4*f - 4 = p. What is the units digit of f?
1
Let y = 3 - 3. Let w = y - -2. What is the ten